?
22220020
In base 4, what is 10 - 2002032002032?
-2002032002022
In base 15, what is -29cc44c2 - 3?
-29cc44c5
In base 15, what is 29 - -bb710?
bb739
In base 5, what is -31313200 - -121?
-31313024
In base 14, what is -3b - 45cb9?
-45d16
In base 6, what is -22 + -34541000?
-34541022
In base 6, what is -2 + -2211103415?
-2211103421
In base 7, what is 116 - 25014322?
-25014203
In base 15, what is -aaa6 - -3a?
-aa6b
In base 15, what is -811ba + a?
-811b0
In base 15, what is 2140d + 5d3?
219e1
In base 6, what is -2201 - 3245?
-5450
In base 12, what is -147a36 - 266?
-1480a0
In base 14, what is 185 + 5708?
588d
In base 12, what is 3 - -212494?
212497
In base 2, what is -11111101110000 + -1110111010111?
-101110101000111
In base 3, what is 2211121221120221122 - 11?
2211121221120221111
In base 8, what is -1510335 + -33?
-1510370
In base 15, what is 337e7e05 + 2?
337e7e07
In base 5, what is -4 - -1322241104?
1322241100
In base 16, what is -55 - fcd8?
-fd2d
In base 11, what is -2 - -469438a2?
469438a0
In base 9, what is -84783 + 1810?
-82873
In base 8, what is 117 - 53055?
-52736
In base 10, what is 69 - -4929?
4998
In base 11, what is 26 + -57414?
-57399
In base 7, what is 0 - -16661263?
16661263
In base 9, what is 203 + -2343554?
-2343351
In base 6, what is -31203402 - -12?
-31203350
In base 15, what is 9b25e7d - 4?
9b25e79
In base 13, what is -1 + 293343?
293342
In base 14, what is -15a8 + 58?
-1550
In base 14, what is -18 - -24a38?
24a20
In base 13, what is -5 - 1124562?
-1124567
In base 12, what is 78553 + 1041?
79594
In base 15, what is 0 + -10702c3?
-10702c3
In base 15, what is 1 + -20de65?
-20de64
In base 14, what is 64 + -6a906?
-6a882
In base 6, what is -34 - 3050220113?
-3050220151
In base 6, what is 124301 + 1134?
125435
In base 12, what is -28b + -19416?
-196a5
In base 8, what is 5 + -103445635?
-103445630
In base 3, what is 1020012102 + 12021111?
1102110220
In base 2, what is 100 + 1100000110010100111110?
1100000110010101000010
In base 9, what is 3064 - 14446?
-11372
In base 7, what is 114113543 + -14?
114113526
In base 3, what is 11 - 11201110220101211?
-11201110220101200
In base 11, what is 1994537 - 8?
199452a
In base 4, what is -103320 + -120321?
-230301
In base 12, what is -969 - -b8623?
b7876
In base 4, what is 10 - 3012032020101?
-3012032020031
In base 3, what is 11000222 + 10001101?
21002100
In base 8, what is -5 + 31337171?
31337164
In base 15, what is 6303b3 - -27?
6303da
In base 5, what is 1412 - -1114223?
1121140
In base 4, what is 22303303 + 3130122?
32100031
In base 12, what is 3 + -13003864?
-13003861
In base 16, what is 264 - 31539?
-312d5
In base 7, what is 356 + 31345?
32034
In base 12, what is 2021 - b04?
1119
In base 15, what is 166 + 3?
169
In base 16, what is 7dd827 - -4?
7dd82b
In base 8, what is -151722 + 1257?
-150443
In base 7, what is -2042443 - -156?
-2042254
In base 3, what is 220201 + 1221221222?
1222212200
In base 6, what is 2423 - 1045321?
-1042454
In base 5, what is 0 + -13221113444?
-13221113444
In base 3, what is -120110200010 + -1221102?
-120112121112
In base 13, what is -b24a11 + -41?
-b24a52
In base 2, what is 10110100011101010111010 - 0?
10110100011101010111010
In base 13, what is 3672 + -a85?
28ba
In base 15, what is 91c9 + -e6a?
825e
In base 16, what is 6b + -1f7ce2?
-1f7c77
In base 3, what is -1011000 + 202012221?
201001221
In base 8, what is -5033740 + 1240?
-5032500
In base 6, what is 12410344 - -4?
12410352
In base 15, what is -1 + 8159e6?
8159e5
In base 5, what is 21 + -3120411114?
-3120411043
In base 13, what is c7a7 - 1502?
b2a5
In base 2, what is -11010011101011100 + -1110?
-11010011101101010
In base 2, what is -1001101111100011110010 + 10100?
-1001101111100011011110
In base 14, what is -777 - -bc6?
44d
In base 11, what is 78394801 - -1?
78394802
In base 10, what is 4129 - -16?
4145
In base 10, what is 1932 - -6613?
8545
In base 11, what is 193a807 + -30?
193a787
In base 14, what is -7 - -673ca9?
673ca2
In base 9, what is -881657 + -1226?
-882884
In base 14, what is 2461 - -97c?
2ddd
In base 4, what is 1 - -21203322121?
21203322122
In base 7, what is 332303 - -1266?
333602
In base 11, what is -6961124 - -2?
-6961122
In base 3, what is -22001 + -202122120200?
-202122212201
In base 4, what is -20111233031 - 11?
-20111233102
In base 9, what is 7333 - -56856?
65300
In base 4, what is -10310010112 - -1012?
-10310003100
In base 9, what is 20834 - -534?
21468
In base 8, what is -1435672 - -10?
-1435662
In base 8, what is 2 - 1573650?
-1573646
In base 8, what is -1277444 + 713?
-1276531
In base 11, what is -1 - 3095005?
-3095006
In base 13, what is -2810 - -a9?
-2734
In base 12, what is a + -18401b?
-184011
In base 6, what is 135223 - 110?
135113
In base 4, what is -123 - 2310120100?
-2310120223
In base 15, what is 44ac9 + 1dd?
44cb7
In base 12, what is 1420 + -2688?
-1268
In base 7, what is 53 + -12205021?
-12204635
In base 6, what is 4 + -55103010?
-55103002
In base 16, what is -2cc6 + -12e3?
-3fa9
In base 7, what is -523 + 13123443?
13122620
In base 12, what is -19 - 3a476?
-3a493
In base 5, what is 2410040043 + -11?
2410040032
In base 6, what is -1132245 + 453?
-1131352
In base 2, what is 100 + -100011110010110010111?
-100011110010110010011
In base 3, what is 22221012111211 + -1110?
22221012110101
In base 9, what is -334 - -127155?
126721
In base 15, what is 84daae0 + 0?
84daae0
In base 4, what is 112023 + 100213?
212302
In base 13, what is 8097a89 - -2?
8097a8b
In base 11, what is 136935 - 2188?
134758
In base 6, what is -22250 - -534?
-21312
In base 6, what is -22044042 - -14?
-22044024
In base 2, what is 100110000101 + 110111001010?
1011101001111
In base 16, what is 170 - 4b0c?
-499c
In base 13, what is 107800c7 + 4?
107800cb
In base 12, what is -8 - 7702a0?
-7702a8
In base 2, what is 1011010101001001101101 + 10000?
1011010101001001111101
In base 11, what is -4929953a - 2?
-49299541
In base 13, what is -4109 + b48?
-3291
In base 13, what is -2288a206 - -5?
-2288a201
In base 9, what is -4 + 188218134?
188218130
In base 4, what is -30002210232 - -12?
-30002210220
In base 12, what is -2 - 337010a?
-3370110
In base 7, what is 14034506 + 114?
14034623
In base 4, what is -231113 - 1021203?
-1312322
In base 4, what is -1031110013101 - -122?
-1031110012313
In base 9, what is 241 + 371472?
371723
In base 6, what is 1120012303 - -3?
1120012310
In base 6, what is 1055 + 22410321?
22411420
In base 16, what is -143fdb + -3?
-143fde
In base 5, what is 104140 + -3132?
101003
In base 4, what is -11 - 223301023033?
-223301023110
In base 7, what is -14651261 + 34?
-14651224
In base 9, what is 520 + -60208?
-58578
In base 9, what is 255234484 - -5?
255234500
In base 4, what is 122032211 + -12201?
122020010
In base 2, what is 101010100011001110000 + 1110?
101010100011001111110
In base 7, what is 641 - 112441?
-111500
In base 11, what is 849807a5 + -2?
849807a3
In base 8, what is -32534 + 556?
-31756
In base 13, what is 1a569 - b2cb?
c26b
In base 9, what is 250018 - -10147?
260166
In base 10, what is 5242 + -11682?
-6440
In base 13, what is 38c55692 + -2?
38c55690
In base 15, what is -17441 - -895?
-16a9b
In base 13, what is a + -4c956?
-4c949
In base 16, what is 133e468a + 5?
133e468f
In base 5, what is 1 - 10142311430?
-10142311424
In base 13, what is -7c1 - -236?
-588
In base 10, what is -3 - -1145164?
1145161
In base 12, what is -6 - -8994026?
8994020
In base 10, what is -2 - -4907516?
4907514
In base 3, what is 0 - 1121202002020?
-1121202002020
In base 2, what is 11110110011011111011 - -1?
11110110011011111100
In base 8, what is 76 - 330340?
-330242
In base 14, what is a5a671 - 7?
a5a668
In base 4, what is 212020222133 + 11?
212020222210
In base 4, what is 231 - 1033121233?
-1033121002
In base 4, what is 12332323 - 3120?
12323203
In base 9, what is -38 - -3540876?
3540837
In base 12, what is -4563 + -17313?
-1b876
In base 2, what is -10 - -101101110111000101111000?
101101110111000101110110
In base 4, what is 2331113203 + 3311?
2331123120
In base 15, what is -60 - -3595e8?
359588
In base 15, what is -38 + -10b5c2c?
-10b5c65
In base 10, what is -23395 + 3852?
-19543
In base 6, what is -14 + 205203241?
205203223
In base 7, what is -24342 + -21533?
-46205
In base 9, what is 1163 + -6611?
-5437
In base 11, wha